number?
False
Is 13658591 a prime number?
True
Is 8132601 a composite number?
True
Is 70039 a composite number?
False
Is 17622457 a composite number?
False
Is 271857 a prime number?
False
Is 15820687 a composite number?
False
Is 3219439 prime?
False
Is 63398483 a composite number?
True
Is 3037963 a prime number?
True
Is 60269161 prime?
False
Is 10150067 a prime number?
False
Is 324355811 composite?
True
Is 7659853 composite?
False
Is 33738227 a composite number?
False
Is 12856891 prime?
True
Is 12672767 a composite number?
False
Is 82059713 prime?
True
Is 5343209 prime?
True
Is 52705217 a composite number?
True
Is 33693857 composite?
True
Is 169227221 composite?
False
Is 3173617 composite?
False
Is 56640607 prime?
True
Is 1715142691 a prime number?
True
Is 133669 a composite number?
False
Is 6863113 prime?
False
Is 45245027 a composite number?
True
Is 15631535 a prime number?
False
Is 2848003 composite?
True
Is 31127203 a composite number?
True
Is 91949105 composite?
True
Is 307375961 a composite number?
False
Is 81098837 prime?
True
Is 160951 composite?
True
Is 12918853 composite?
False
Is 682531 a prime number?
True
Is 52297867 a composite number?
True
Is 1703651 a prime number?
True
Is 11033899 composite?
False
Is 917153 a prime number?
True
Is 105692029 prime?
False
Is 362081 composite?
False
Is 16743017 a prime number?
True
Is 51620651 a composite number?
False
Is 668597 a composite number?
True
Is 73709 composite?
False
Is 6119629 a prime number?
True
Is 282354673 a prime number?
True
Is 14919062 a composite number?
True
Is 63541061 a prime number?
True
Is 873527 a composite number?
False
Is 195121997 composite?
True
Is 1206789 a composite number?
True
Is 1183518737 prime?
True
Is 20118937 composite?
False
Is 1220309 prime?
True
Is 19508783 a composite number?
True
Is 10040399 composite?
False
Is 4255127 prime?
False
Is 187697197 prime?
True
Is 165715987 composite?
True
Is 9160471 prime?
True
Is 24462589 a composite number?
False
Is 17511161 a prime number?
False
Is 18443053 composite?
True
Is 1280177 a prime number?
False
Is 589313 a composite number?
True
Is 107719067 prime?
False
Is 3317947 composite?
False
Is 452759 prime?
True
Is 150469001 prime?
True
Is 2575043 a composite number?
False
Is 4472777 prime?
True
Is 3780367 a prime number?
True
Is 24551837 a composite number?
False
Is 71392187 prime?
True
Is 448806473 composite?
False
Is 123748417 a composite number?
True
Is 103282066 a prime number?
False
Is 3385491 composite?
True
Is 1463999 a composite number?
False
Is 6609053 a prime number?
False
Is 5714773 prime?
False
Is 30749987 prime?
True
Is 450974567 composite?
True
Is 74573111 a composite number?
True
Is 17290747 a prime number?
True
Is 501866861 composite?
False
Is 10048193 a prime number?
True
Is 17517631 a prime number?
False
Is 227446937 a prime number?
True
Is 12952579 a prime number?
False
Is 1717379 composite?
False
Is 54386063 composite?
True
Is 441365429 a prime number?
False
Is 336368119 a composite number?
False
Is 7042681 a composite number?
False
Is 15932569 a composite number?
True
Is 223259983 a composite number?
False
Is 92089237 a composite number?
True
Is 3498171 a prime number?
False
Is 27537149 prime?
True
Is 313192051 composite?
False
Is 1923653 prime?
True
Is 1791599 prime?
True
Is 90466 composite?
True
Is 46459 a composite number?
True
Is 3550007 a prime number?
True
Is 443411 a prime number?
False
Is 16515437 prime?
True
Is 33319681 composite?
True
Is 21366299 a composite number?
True
Is 16929203 composite?
False
Is 81071 a composite number?
False
Is 288891223 prime?
True
Is 358399697 prime?
True
Is 728344257 prime?
False
Is 199676623 a prime number?
True
Is 31729423 composite?
True
Is 171701437 composite?
False
Is 35208689 a prime number?
True
Is 7479227 composite?
True
Is 1349070553 prime?
False
Is 2326937 a composite number?
False
Is 27329261 composite?
False
Is 14639563 prime?
True
Is 4050671 a composite number?
False
Is 11918389 composite?
True
Is 144442213 prime?
True
Is 303341 a prime number?
True
Is 273152323 composite?
True
Is 4536097 a prime number?
False
Is 3419033 prime?
True
Is 18799813 a prime number?
True
Is 1845251 prime?
False
Is 206550989 prime?
False
Is 6450529 composite?
True
Is 59793143 a composite number?
False
Is 404923693 composite?
False
Is 172637471 composite?
True
Is 970087 prime?
True
Is 22103779 a prime number?
False
Is 3875831 a prime number?
False
Is 33468217 a composite number?
True
Is 3475397 a prime number?
False
Is 25675219 composite?
True
Is 190997 a composite number?
False
Is 8278073 prime?
True
Is 69171023 a composite number?
False
Is 74622769 a composite number?
True
Is 140878 a composite number?
True
Is 37075349 composite?
True
Is 27217761 composite?
True
Is 6022799 composite?
False
Is 2176747 prime?
False
Is 475633343 a prime number?
True
Is 3613054 a prime number?
False
Is 24572819 a prime number?
True
Is 61507679 prime?
False
Is 18164573 composite?
True
Is 5683547 a composite number?
False
Is 40415923 composite?
True
Is 7520342 a prime number?
False
Is 3152431 composite?
True
Is 214127 composite?
True
Is 130815007 a composite number?
True
Is 2647919 a prime number?
True
Is 35305727 prime?
True
Is 138319787 a composite number?
False
Is 703270423 composite?
False
Is 173279 prime?
False
Is 311100223 a composite number?
True
Is 106193111 a composite number?
True
Is 4648957 a composite number?
False
Is 114069029 a composite number?
True
Is 3986149 composite?
True
Is 813185303 composite?
True
Is 563669511 prime?
False
Is 7975483 composite?
False
Is 394421 a prime number?
False
Is 102407509 prime?
False
Is 31578523 prime?
True
Is 1857073 a prime number?
False
Is 7579327 composite?
True
Is 79045613 a composite number?
True
Is 111361857 prime?
False
Is 138209717 a prime number?
False
Is 41198113 a prime number?
False
Is 27081179 prime?
True
Is 176224817 a prime number?
True
Is 114946177 composite?
False
Is 79462499 a prime number?
False
Is 1174571 a composite number?
False
Is 85377505 prime?
False
Is 17492093 composite?
False
Is 298075031 prime?
True
Is 1013651 prime?
False
Is 175383293 a prime number?
False
Is 7867714 prime?
False
Is 128752705 a prime number?
False
Is 49120469 prime?
True
Is 1904647 a composite number?
False
Is 1718635 prime?
False
Is 34646021 prime?
True
Is 125452445 composite?
True
Is 474133 a composite number?
True
Is 319363117 prime?
False
Is 1588451 composite?
False
Is 11105293 prime?
False
Is 10325123 composite?
True
Is 2472611 composite?
False
Is 3898841 prime?
True
Is 5292751 a prime number?
True
Is 50309023 a composite number?
True
Is 195862709 composite?
True
Is 6741313 prime?
True
Is 196829 composite?
True
Is 217069 prime?
True
Is 329333647 prime?
True
Is 21421915 prime?
False
Is 987953 a prime number?
False
Is 8477503 prime?
False
Is 22137727 a composite number?
False
Is 39205601 a prime number?
True
Is 1888697 a prime number?
False
Is 153224443 composite?
True
Is 75014257 prime?
False
Is 149093783 a composite number?
True
Is 283689799 a prime number?
True
Is 260497 composite?
True
Is 2522693 a prime number?
False
Is 2312593 a composite number?
True
Is 49690873 a composite number?
False
Is 73080101 a prime number?
True
Is 32567819 a composite number?
False
Is 262201741 composite?
True
Is 707657 prime?
False
Is 5771561 a prime number?
False
Is 10994083 a composite number?
False
Is 9096187 a prime number?
False
Is 14780569 a composite number?
True
Is 887233 composite?
False
Is 25346213 prime?
True
Is 8339141 a prime number?
False
Is 25374229 composite?
True
Is 360422 a prime number?
False
Is 4722979 composite?
False
Is 1287570763 a prime number?
True
Is 165039037 prime?
True
Is 560069 composite?
True
Is 44683789 prime?
True
Is 4207403 prime?
False
Is 31282435 a composite number?
True
Is 14806333 composite?
True
Is 13262857 prime?
True
Is 457013 composite?
False
Is 1245049 a composite number?
True
Is 121202 a composite number?
True
Is 64351981 prime?
True
Is 24394061 a prime number?
True
Is 1476721 composite?
True
Is 9260369 prime?
True
Is 618617 prime?
False
Is 8873717 prime?
False
Is 23569303 prime?
True
Is 12261409 composite?
False
Is 26220881 a composite number?
False
Is 1496843 a composite number?
True
Is 1111921 a prime number?
T